2 - f**2/2 - 21*f. Give o(3).
8
Let f(b) = b**2 + 8*b - 12. Let y = 126 - 136. Give f(y).
8
Let q(s) = 5 + 6*s + 2*s**3 + 0*s + 3*s**2 - s - s**3 - 9*s. Determine q(-4).
5
Let s = 97 - 91. Suppose -s*k = -25 + 13. Let g(d) = -3*d**3 + 3*d**2 - 1. Determine g(k).
-13
Let b(i) = -5*i + 1. Let o = 12 - -3. Suppose 20*f = o*f + 30. Let j(x) = x**2 - 6*x - 1. Let g be j(f). Calculate b(g).
6
Let v(w) = -2*w**2 + 2*w - 1. Suppose -3*i - 37 = -2*m + 2*i, 0 = -m - i + 8. Suppose -m = 2*s - 27. Suppose s*y = 4*y + 8. Give v(y).
-5
Suppose -861 + 267 = 54*w. Let s(g) = g**2 + 10*g - 6. Give s(w).
5
Let v(z) = -7*z**2 - 4*z + 6. Let m(i) = 4*i**2 + 4*i - 5. Let s(d) = 3*m(d) + 2*v(d). Give s(2).
-3
Suppose 0 = -3*n + 4*n - 5. Suppose c + 5*p = 7, -n*p + 2*p = 2*c - 14. Let j(z) = -z**3 + 7*z**2 + 1. Give j(c).
1
Let f(l) = 5*l**2 + l + 12. Let h(g) = -g**2 - 3. Suppose -2 = -m - 2*q + 1, 2*q = -5*m + 39. Let b(n) = m*h(n) + 2*f(n). What is b(2)?
5
Let w be (2 - (-8)/(-3))*3. Suppose 0 = -6*j + j + 15. Let k(v) = -v - 3 + 3 + j*v + 3. Give k(w).
-1
Let y(v) = v - 9. Let r be (8/18)/((-60)/(-270)). Determine y(r).
-7
Suppose 16*v = 2 + 126. Let u(k) = -3*k + 11. Determine u(v).
-13
Let a = -1 - 5. Let t(s) = 187 - 363 + s**2 + 7*s + 184. Calculate t(a).
2
Suppose 3*j + 0*j + 3 = 0. Let i(y) = 7*y**2 + 5*y + 4. Let d(u) = -u - 1. Let w(n) = -5*d(n) - i(n). What is w(j)?
-6
Let x be ((21/(-4))/(-3))/((-12)/(-48)). Let b(t) = t**2 - 6*t + 1. Give b(x).
8
Let n(y) = y**3 + 9*y**2 + 9*y + 9. Let d(f) = f**2 + f + 1. Let v(t) = 3*d(t) - n(t). Suppose -2*l + 4 = 0, -7 = 3*z - 0*l + 4*l. Determine v(z).
-1
Let x(p) = 9*p + 3*p + 2 - 18*p**2 - 15*p + 6*p. Calculate x(-1).
-19
Let u(l) = -22*l - 31*l**2 + 29*l**2 - 2*l**3 + 21*l + 2. What is u(-2)?
12
Let u(k) = -2*k - 1. Suppose -5*m - 5 = 0, -1 = -2*c - m + 52. Let o be (4/6)/((-9)/c). Let s be 2/(o*1/3). Determine u(s).
5
Suppose o - 2 = -5*h - 0, -5*h - 10 = 0. Suppose -k - 3*l + 8 = -o, -3*k = -5*l + 10. Let n(r) = -2*r + 2. Give n(k).
-8
Let w(b) = b**2 - 5*b - 7. Suppose -69 = -12*c + 15. Determine w(c).
7
Suppose -13*d - 215 = -56*d. Let a(g) = 2*g**2 - 10*g - 3. What is a(d)?
-3
Let b(h) = -4*h - 10. Let l be b(-3). Suppose 0 = 4*i - l - 6. Let j(x) = -4*x**i - 6 + 1 + 2*x**2 + x**3 - 4*x + 3. Give j(-2).
-10
Let j(v) = v**2 - v + 2 + 3*v**2 - 3*v**2. Let p(u) = 1. Let d(m) = -m**2 - 4*m + 29. Let b be d(-8). Let f(s) = b*p(s) - j(s). What is f(0)?
-5
Let u = -16 - -32. Suppose -g - 4*q - u = -3*g, -2 = -g - 4*q. Let c(l) = 756*l**3 - 1508*l**3 + 2 - 3*l + 753*l**3 - 5*l**2 - 6 - 4. Give c(g).
10
Suppose 0 = -2*j + 6, -t = -3*j + 7 - 0. Suppose 3*c - 2*f - 122 = -c, -c + 35 = -5*f. Suppose 4*q = -t*q + c. Let a(g) = -g**2 + 6*g. What is a(q)?
5
Let m(v) be the first derivative of -v**4/4 + 3*v**3 + 5*v**2 + 13*v - 494. What is m(10)?
13
Let k(d) = -d**3 - 16*d**2 - 15*d - 8. Let t be 1131/(-75) - 2/(-25). What is k(t)?
-8
Suppose -2*y + 13 - 5 = 0. Let b(q) = 20*q**3 - 12*q**2 - 11*q + 14. Let m(d) = 7*d**3 - 4*d**2 - 4*d + 5. Let a(t) = -6*b(t) + 17*m(t). Give a(y).
-7
Let b(f) = f + 1. Let m(g) = -5*g + 3. Let z(o) = -o**2 + 13*o - 13. Let s be z(12). Let t(c) = s*m(c) - 4*b(c). Give t(5).
-2
Let f(n) = 3*n - 22. Let w = -365 - -375. What is f(w)?
8
Let d be -1*(1 + 5)*1. Suppose 23 = 10*w - 97. Let x(o) = -w*o + 13*o - 9 + 3. Calculate x(d).
-12
Let h = -6 - -7. Suppose -h - 11 = -2*y. Let m(u) = 5*u**2 + 2 - 10 + 8*u + 2*u**3 - 3*u**3. Give m(y).
4
Let y(d) be the third derivative of d**7/1680 + d**6/720 + 13*d**5/60 - 15*d**2. Let l(v) be the third derivative of y(v). What is l(-1)?
-2
Let g(m) = -1 + m + 4 + 7 - 2. Determine g(-11).
-3
Let a(b) = b + b + 0*b + 1 - b. Let u(y) = 4*y + 6. Let x(c) = -6*a(c) + u(c). Determine x(3).
-6
Suppose -2*d - 5*v = 13, 3*d - 2*v = 2*v - 8. Let b(f) = 6*f**3 - f**2 - 7*f - 5. Let z(j) = -5*j**3 + 6*j + 5. Let r(q) = d*b(q) - 5*z(q). Determine r(-4).
3
Suppose -5 + 4 = -f. Let w(j) be the second derivative of -j**3/6 + j**2/2 + j. Determine w(f).
0
Suppose 2*o = 5*z - 16, z + 4*o - 3 = 9. Let b(n) = 3*n**2 - 5*n + 2. Give b(z).
30
Let j(w) = -w**2 - 3*w + 4. Suppose 0 = 69*m - 66*m - 228. Let v = m + -81. Determine j(v).
-6
Let k = -2 + 1. Let m = k + 8. Let b(d) = -d**2 - 6*d + 3*d**2 + 0*d**2 - m. Calculate b(5).
13
Let z(d) = -d**2 - 2*d - 1. Let u(a) = 5*a**2 + 9*a + 4. Let s(g) = 2*u(g) + 9*z(g). Let n(i) = -3*i**2 - 2*i + 2. Let r(c) = -n(c) - 2*s(c). Give r(2).
8
Suppose -34*o + 37*o = -2*m - 40, 2*o - 8 = 3*m. Let n(h) = 0*h + 10*h + h**2 + 4 + 0*h**2. Give n(m).
-12
Let g(m) be the first derivative of -m - m**2 - m**3 + 8 + 1/4*m**4. Determine g(4).
7
Let z(i) be the first derivative of 2*i**3 + 1/4*i**4 - 8 - 3/2*i**2 - 4*i. Give z(-6).
14
Let h(g) = g**3 + 3*g**2 - 2*g - 3. Let m(a) = -2*a - 16. Let q be m(0). Let o = q - -13. Determine h(o).
3
Let z(i) = i. Let r be z(-3). Let s(o) = o**3 + 3*o**2 + 4*o - 9. Let u(q) = q**3 + 3*q**2 + 3*q - 8. Let l(x) = 4*s(x) - 5*u(x). Give l(r).
1
Let k = -28 - -30. Let m(g) = -7*g - g**3 + 3 + 6*g + 0*g - 6*g**k. What is m(-6)?
9
Let p(a) = -4*a - 4. Let y(k) be the third derivative of 7*k**4/24 + 7*k**3/6 + 10*k**2. Let o(l) = -5*p(l) - 3*y(l). What is o(-3)?
2
Let o(k) = -k**3 - k**2 + k. Let u(y) = 3*y**3 + 12*y**2 - 5*y + 8. Let r(q) = -4*o(q) - u(q). Determine r(8).
0
Let f(s) = s**2 - 5*s. Let v(j) = j - 1. Let o be v(4). Calculate f(o).
-6
Let r = 220 - 81. Suppose r = 5*c - 6. Suppose -8 + c = -3*g. Let o(k) = k + 6. Determine o(g).
-1
Let t(d) = -3*d. Let a be t(-1). Let j(c) = -4 + 4*c + 10 + 0*c + c. Let y(i) = 14*i + 18. Let q(l) = 17*j(l) - 6*y(l). Determine q(a).
-3
Let a(s) = -155 - s**2 + 13*s - 141 + 284. Give a(8).
28
Let m(t) = -t**2 - t - 2. Let a be -2*((-2 - 1) + 2). Suppose -7 = a*w + 1. Let u(b) = 1. Let o(v) = w*u(v) - m(v). Determine o(-2).
0
Let w(m) be the second derivative of -m**5/20 - m**4/2 + 5*m**3/3 + 5*m**2 - 628*m. Calculate w(-7).
-11
Suppose g - 3*g - 4*j = 20, -15 = -g + 3*j. Suppose g = -5*p + 3*k - 5*k, -3*k - 19 = -2*p. Let b(w) = 2*w**3 - 4*w**2 + 3*w - 2. What is b(p)?
4
Suppose 5*x = -5*q + 63 - 33, 0 = -5*x + 5*q - 20. Let h(m) = m**2 + 14*m - 17. Let z(p) = -5*p + 6. Let d(l) = -6*h(l) - 17*z(l). Give d(x).
-5
Suppose -a + 4 = -0*a - 2*y, 0 = 4*a - 2*y - 10. Let b(l) be the first derivative of 9*l**2 - 8*l**a - 2 + 1 + 4*l. Calculate b(4).
12
Let x(k) = -k**3 - k**2 - k - 1. Let a(p) = -3*p**3 + 5*p**2 - 2*p - 11. Let o(g) = -a(g) + 2*x(g). What is o(7)?
9
Suppose -c + 3*k = 10, -2*c - k = 2*k + 2. Let l(p) = p + 2. Determine l(c).
-2
Let t(f) = -f + 6 - 4*f**2 - 4*f + f**3 + 2*f**2. Let r be t(3). Let m(v) = -3*v - v**2 + v + 3*v + 5 + v**3. Give m(r).
5
Let f(i) = 5*i**2 - 4*i - 9. Let u(l) = -9*l**2 + 7*l + 17. Let b be (-1 + -6)/(1 - 0/2). Let a(c) = b*f(c) - 4*u(c). Give a(0).
-5
Let r(c) = -2*c**3 - c**2 + 3*c - 3. Suppose -5*y = 5*d - 5, -y = 4*d + 6 - 4. Give r(y).
-17
Let w = 43 + -39. Suppose w*s = -s - 10. Let r(t) = -4*t - 1. What is r(s)?
7
Let d(o) = 3*o - 8. Let p = -1788 + 1777. What is d(p)?
-41
Let n(w) = -7*w**2 + 3*w**2 - w + 2*w**2. Let j = -8 - 0. Let l be (j/(-14))/((-10)/35). Calculate n(l).
-6
Suppose 5*y + 2*m - 14 = 4*y, -5*y + 3*m + 70 = 0. Let v = 20 - y. Let k(j) = j**2 - 3*j - 6. Calculate k(v).
12
Let r(d) = 30*d**2 + 2*d + 1. Let t = 291 + -292. Determine r(t).
29
Let v(k) = -k**2 - 3*k - 2. Let o(j) = 4*j**2 + 5*j + 2. Let x(z) = 2*o(z) + 5*v(z). Give x(4).
22
Let i(t) = -t**3 + 3*t**2 + 5*t - 6. Suppose 0*w - 57 = 3*w. Let g = w + 19. Let z(y) = y + 4. Let v be z(g). What is i(v)?
-2
Let d = 41 + -39. Let l(z) = -d + 0 + 2*z**2 - 4*z**2 + 4*z - 8*z. What is l(-3)?
-8
Let p(z) be the first derivative of -z**3/3 + 4*z**2 - 3*z + 88. Calculate p(5).
12
Let k(d) = -5*d**3 - 11*d**2 - d - 1. Let l(f) = 9*f**3 + 21*f**2 + 3*f + 1. Let o(z) = -11*k(z) - 6*l(z). Let j be ((-8)/10)/((-2)/15). Give o(j).
-1
Suppose 2 = 5*a - c, -2*a + 5 = -6*a + 3*c. Let u(h) be the second derivative of h**5/30 - 5*h**3/3 + 9*h. Let x(v) be the second derivative of u(v). Give x(a).
4
Let g(d) = 2*d**2 - 26*d**3 + 31*d**3 + 0*d + 2 - 4*d**3 + 2*d. Let c = -8 + 6. What is g(c)?
-2
Let l = -31 + 46. Suppose -2*z - 5*u + 22 = 0, -l = -3*z - 7*u + 4*u. Let q be (